{"id":1778,"date":"2024-08-27T15:07:56","date_gmt":"2024-08-27T14:07:56","guid":{"rendered":"https:\/\/parafia.faustyna.bialystok.pl\/?page_id=1778"},"modified":"2024-08-27T15:17:29","modified_gmt":"2024-08-27T14:17:29","slug":"parafialna-strategia-walki-z-przemoca-wobec-dzieci","status":"publish","type":"page","link":"https:\/\/parafia.faustyna.bialystok.pl\/?page_id=1778","title":{"rendered":"Parafialna strategia walki z przemoc\u0105 wobec dzieci"},"content":{"rendered":"<p class=\"western\" lang=\"pl-PL\" align=\"justify\">W oparciu o inicjatywy i dyskusje mi\u0119dzynarodowe, raporty z bada\u0144 na temat sytuacji dzieci w Polsce oraz coraz wyra\u017aniejsze zaniepokojenie opinii publicznej postulat opracowania og\u00f3lnopolskiej strategii ochrony dzieci przed przemoc\u0105 w naszym kraju dociera\u0142 do \u015bwiadomo\u015bci spo\u0142ecznej w latach 2016-2018 w kierunku opracowania i wdro\u017cenia\u00a0<strong>\u201eNarodowej strategii walki z przemoc\u0105 wobec dzieci\u201d<\/strong>. We wnioskach r\u00f3\u017cnych \u015brodowisk podkre\u015blano, \u017ce potrzebne s\u0105 dzia\u0142ania oparte na wiedzy, empatii, dobrej diagnozie i skoordynowanym zarz\u0105dzaniu. Uznawano, \u017ce obok zagro\u017ce\u0144, na jakie nara\u017cone s\u0105 dzieci i przed kt\u00f3rymi nale\u017cy je chroni\u0107, nale\u017cy skoncentrowa\u0107 uwag\u0119 na szukaniu takich form wspierania i ochrony dzieci oraz reagowania na przemoc, kt\u00f3re nie tylko b\u0119d\u0105 zabezpiecza\u0142y je przed dalsz\u0105 przemoc\u0105, lecz tak\u017ce stworz\u0105 warunki do \u015bwiadomego ich udzia\u0142u w budowaniu bezpiecznych \u015brodowisk, czyli wyrzeczenia si\u0119 wszelkiej przemocy wobec s\u0142abszych. Strategia, jaka wy\u0142ania\u0142a si\u0119 z dyskusji, zmierza\u0142a do usystematyzowania dzia\u0142a\u0144 na rzecz dzieci, rozproszonych w licznych aktach prawnych, w sp\u00f3jny program dzia\u0142a\u0144 realizowanych wsz\u0119dzie tam, gdzie przebywaj\u0105 dzieci, gdzie si\u0119 ucz\u0105, doskonal\u0105 swoje umiej\u0119tno\u015bci artystyczne i sportowe, gdzie otrzymuj\u0105 pomoc w rozwoju duchowym i religijnym.\u00a0Aby ta strategia mog\u0142a si\u0119 sta\u0107 obowi\u0105zuj\u0105cym prawem w spo\u0142ecze\u0144stwie, kt\u00f3rego wra\u017cliwo\u015b\u0107 zosta\u0142a st\u0119piona podzia\u0142ami uniemo\u017cliwiaj\u0105cymi wsp\u00f3lne i sp\u00f3jne dzia\u0142ania, potrzeba by\u0142o szoku spowodowanego \u015bmierci\u0105 Kamilka z Cz\u0119stochowy. Jego gehenna dzia\u0142a si\u0119 po\u015br\u00f3d niezdolno\u015bci otoczenia do rozpoznania krzywdzenia i do adekwatnego reagowania na nie. To jego \u015bmier\u0107 przyspieszy\u0142a niemal jednomy\u015blne przyj\u0119cie jeszcze przed pa\u017adziernikowymi wyborami do Sejmu rozwi\u0105za\u0144 zawartych w tzw. Ustawie Kamilka. Ta ustawa zrodzona z odruchu solidarno\u015bci ponad wszystkimi podzia\u0142ami zosta\u0142a bezzw\u0142ocznie przyj\u0119ta przez Ko\u015bci\u00f3\u0142. Odpowied\u017a pasterzy, os\u00f3b duchownych i kompetentnych \u015bwieckich od wielu lat zaanga\u017cowanych w ochron\u0119 dzieci oraz os\u00f3b bezbronnych przed przemoc\u0105 sprawi\u0142a, \u017ce <strong>Ko\u015bci\u00f3\u0142 jako jedna z pierwszych instytucji postanowi\u0142 przyj\u0105\u0107 i wdro\u017cy\u0107 w swoich plac\u00f3wkach standardy ochrony dzieci przed przemoc\u0105<\/strong>. To zaanga\u017cowanie nie jest przypadkowe. Przez nie Ko\u015bci\u00f3\u0142 realizuje misj\u0119 powierzon\u0105 mu przez Pana, aby nie zgin\u0119\u0142o \u017cadne z tych najmniejszych. W oparciu to t\u0119 ewangeliczn\u0105 misj\u0119 uznaje, \u017ce dobro dziecka jest najwa\u017cniejsze. Ludzie Ko\u015bcio\u0142a przyjmuj\u0105 nie tylko ustawow\u0105, lecz przede wszystkim moraln\u0105 odpowiedzialno\u015b\u0107 za ochron\u0119 i promowanie dobra wszystkich dzieci oraz zobowi\u0105zuj\u0105 si\u0119 do\u0142o\u017cy\u0107 wszelkich stara\u0144, aby zapewni\u0107 bezpieczne i przyjazne \u015brodowisko, w kt\u00f3rym dzieci s\u0105 szanowane i doceniane. Niedopuszczalne jest bowiem stosowanie przez kogokolwiek wobec dziecka przemocy w jakiejkolwiek formie. Wszyscy jeste\u015bmy wi\u0119c zobowi\u0105zani do uczenia si\u0119 rozpoznawania tych, kt\u00f3rzy potrzebuj\u0105 pomocy i wsparcia oraz bezzw\u0142ocznego podejmowania dzia\u0142a\u0144 w przypadku podejrze\u0144 lub ujawnienia okoliczno\u015bci, kt\u00f3re mog\u0105 wskazywa\u0107, \u017ce dziecku zagra\u017ca lub dzieje si\u0119 krzywda. Ko\u015bci\u00f3\u0142 dzia\u0142a sprawnie i zgodnie z procedurami, aby zapewni\u0107 dzieciom skuteczn\u0105 pomoc i wsparcie na jak najwcze\u015bniejszym etapie, przestrzegaj\u0105c praw dziecka wynikaj\u0105cych z Konwencji o Prawach Dziecka. Powiedzenie: \u201eGdzie ko\u0144czy si\u0119 wiedza, zaczyna si\u0119 przemoc\u201d wyznacza cel standard\u00f3w. <strong>Posiadaj\u0105c odpowiedni\u0105 wiedz\u0119 i maj\u0105c \u015bwiadomo\u015b\u0107 zagro\u017ce\u0144, Ko\u015bci\u00f3\u0142 mo\u017ce w odpowiedni spos\u00f3b zapobiec krzywdzie i skutecznie ochroni\u0107 przed ni\u0105 dzieci oraz osoby bezbronne.<\/strong><\/p>\n<p lang=\"pl-PL\" style=\"text-align: right;\" align=\"justify\"><em>(Standardy ochrony dzieci w Ko\u015bciele katolickim w Polsce)<\/em><\/p>\n<p lang=\"pl-PL\" style=\"text-align: right;\" align=\"justify\"><a href=\"https:\/\/parafia.faustyna.bialystok.pl\/?page_id=1755\">Standardy Ochrony Dzieci<\/a>\u00a0 \u00a0 \u00a0 \u00a0<a href=\"https:\/\/parafia.faustyna.bialystok.pl\/?page_id=1765\">Zasady bezpiecznych relacji pomi\u0119dzy dzie\u0107mi<\/a><\/p>\n<p lang=\"pl-PL\" align=\"justify\">\u00a0<\/p>\n\n\n<p><\/p>\n","protected":false},"excerpt":{"rendered":"<p>W oparciu o inicjatywy i dyskusje mi\u0119dzynarodowe, raporty z bada\u0144 na temat sytuacji dzieci w Polsce oraz coraz wyra\u017aniejsze zaniepokojenie opinii publicznej postulat opracowania og\u00f3lnopolskiej strategii ochrony dzieci przed przemoc\u0105 w naszym kraju dociera\u0142 do \u015bwiadomo\u015bci spo\u0142ecznej w latach 2016-2018 w kierunku opracowania i wdro\u017cenia\u00a0\u201eNarodowej strategii walki z przemoc\u0105 wobec<span class=\"more-link\"><a href=\"https:\/\/parafia.faustyna.bialystok.pl\/?page_id=1778\">Czytaj dalej<\/a><\/span><\/p>\n","protected":false},"author":3,"featured_media":0,"parent":0,"menu_order":0,"comment_status":"closed","ping_status":"closed","template":"","meta":{"footnotes":""},"class_list":["entry","author-xjerzy","post-1778","page","type-page","status-publish"],"_links":{"self":[{"href":"https:\/\/parafia.faustyna.bialystok.pl\/index.php?rest_route=\/wp\/v2\/pages\/1778","targetHints":{"allow":["GET"]}}],"collection":[{"href":"https:\/\/parafia.faustyna.bialystok.pl\/index.php?rest_route=\/wp\/v2\/pages"}],"about":[{"href":"https:\/\/parafia.faustyna.bialystok.pl\/index.php?rest_route=\/wp\/v2\/types\/page"}],"author":[{"embeddable":true,"href":"https:\/\/parafia.faustyna.bialystok.pl\/index.php?rest_route=\/wp\/v2\/users\/3"}],"replies":[{"embeddable":true,"href":"https:\/\/parafia.faustyna.bialystok.pl\/index.php?rest_route=%2Fwp%2Fv2%2Fcomments&post=1778"}],"version-history":[{"count":2,"href":"https:\/\/parafia.faustyna.bialystok.pl\/index.php?rest_route=\/wp\/v2\/pages\/1778\/revisions"}],"predecessor-version":[{"id":1784,"href":"https:\/\/parafia.faustyna.bialystok.pl\/index.php?rest_route=\/wp\/v2\/pages\/1778\/revisions\/1784"}],"wp:attachment":[{"href":"https:\/\/parafia.faustyna.bialystok.pl\/index.php?rest_route=%2Fwp%2Fv2%2Fmedia&parent=1778"}],"curies":[{"name":"wp","href":"https:\/\/api.w.org\/{rel}","templated":true}]}}

Parafialna strategia walki z przemocą wobec dzieci

<p class="western" lang="pl-PL" align="justify">W oparciu o inicjatywy i dyskusje międzynarodowe, raporty z badań na temat sytuacji dzieci w Polsce oraz coraz wyraźniejsze zaniepokojenie opinii publicznej postulat opracowania ogólnopolskiej strategii ochrony dzieci przed przemocą w naszym kraju docierał do świadomości społecznej w latach 2016-2018 w kierunku opracowania i wdrożenia <strong>„Narodowej strategii walki z przemocą wobec dzieci”</strong>. We wnioskach różnych środowisk podkreślano, że potrzebne są działania oparte na wiedzy, empatii, dobrej diagnozie i skoordynowanym zarządzaniu. Uznawano, że obok zagrożeń, na jakie narażone są dzieci i przed którymi należy je chronić, należy skoncentrować uwagę na szukaniu takich form wspierania i ochrony dzieci oraz reagowania na przemoc, które nie tylko będą zabezpieczały je przed dalszą przemocą, lecz także stworzą warunki do świadomego ich udziału w budowaniu bezpiecznych środowisk, czyli wyrzeczenia się wszelkiej przemocy wobec słabszych. Strategia, jaka wyłaniała się z dyskusji, zmierzała do usystematyzowania działań na rzecz dzieci, rozproszonych w licznych aktach prawnych, w spójny program działań realizowanych wszędzie tam, gdzie przebywają dzieci, gdzie się uczą, doskonalą swoje umiejętności artystyczne i sportowe, gdzie otrzymują pomoc w rozwoju duchowym i religijnym. Aby ta strategia mogła się stać obowiązującym prawem w społeczeństwie, którego wrażliwość została stępiona podziałami uniemożliwiającymi wspólne i spójne działania, potrzeba było szoku spowodowanego śmiercią Kamilka z Częstochowy. Jego gehenna działa się pośród niezdolności otoczenia do rozpoznania krzywdzenia i do adekwatnego reagowania na nie. To jego śmierć przyspieszyła niemal jednomyślne przyjęcie jeszcze przed październikowymi wyborami do Sejmu rozwiązań zawartych w tzw. Ustawie Kamilka. Ta ustawa zrodzona z odruchu solidarności ponad wszystkimi podziałami została bezzwłocznie przyjęta przez Kościół. Odpowiedź pasterzy, osób duchownych i kompetentnych świeckich od wielu lat zaangażowanych w ochronę dzieci oraz osób bezbronnych przed przemocą sprawiła, że <strong>Kościół jako jedna z pierwszych instytucji postanowił przyjąć i wdrożyć w swoich placówkach standardy ochrony dzieci przed przemocą</strong>. To zaangażowanie nie jest przypadkowe. Przez nie Kościół realizuje misję powierzoną mu przez Pana, aby nie zginęło żadne z tych najmniejszych. W oparciu to tę ewangeliczną misję uznaje, że dobro dziecka jest najważniejsze. Ludzie Kościoła przyjmują nie tylko ustawową, lecz przede wszystkim moralną odpowiedzialność za ochronę i promowanie dobra wszystkich dzieci oraz zobowiązują się dołożyć wszelkich starań, aby zapewnić bezpieczne i przyjazne środowisko, w którym dzieci są szanowane i doceniane. Niedopuszczalne jest bowiem stosowanie przez kogokolwiek wobec dziecka przemocy w jakiejkolwiek formie. Wszyscy jesteśmy więc zobowiązani do uczenia się rozpoznawania tych, którzy potrzebują pomocy i wsparcia oraz bezzwłocznego podejmowania działań w przypadku podejrzeń lub ujawnienia okoliczności, które mogą wskazywać, że dziecku zagraża lub dzieje się krzywda. Kościół działa sprawnie i zgodnie z procedurami, aby zapewnić dzieciom skuteczną pomoc i wsparcie na jak najwcześniejszym etapie, przestrzegając praw dziecka wynikających z Konwencji o Prawach Dziecka. Powiedzenie: „Gdzie kończy się wiedza, zaczyna się przemoc” wyznacza cel standardów. <strong>Posiadając odpowiednią wiedzę i mając świadomość zagrożeń, Kościół może w odpowiedni sposób zapobiec krzywdzie i skutecznie ochronić przed nią dzieci oraz osoby bezbronne.</strong></p>
<p lang="pl-PL" style="text-align: right;" align="justify"><em>(Standardy ochrony dzieci w Kościele katolickim w Polsce)</em></p>
<p lang="pl-PL" style="text-align: right;" align="justify"><a href="https://parafia.faustyna.bialystok.pl/?page_id=1755">Standardy Ochrony Dzieci</a>       <a href="https://parafia.faustyna.bialystok.pl/?page_id=1765">Zasady bezpiecznych relacji pomiędzy dziećmi</a></p>
<p lang="pl-PL" align="justify"> </p>


<p></p>

<p>W oparciu o inicjatywy i dyskusje międzynarodowe, raporty z badań na temat sytuacji dzieci w Polsce oraz coraz wyraźniejsze zaniepokojenie opinii publicznej postulat opracowania ogólnopolskiej strategii ochrony dzieci przed przemocą w naszym kraju docierał do świadomości społecznej w latach 2016-2018 w kierunku opracowania i wdrożenia „Narodowej strategii walki z przemocą wobec<span class="more-link"><a href="https://parafia.faustyna.bialystok.pl/?page_id=1778">Czytaj dalej</a></span></p>
